{"id":7113,"date":"2021-11-10T15:19:13","date_gmt":"2021-11-10T19:19:13","guid":{"rendered":"https:\/\/www3.scholastic.ca\/nl-science\/?page_id=7113"},"modified":"2021-12-14T09:36:41","modified_gmt":"2021-12-14T13:36:41","slug":"les-activites-pour-le-tableau-blanc-interactif-tbi","status":"publish","type":"page","link":"https:\/\/www3.scholastic.ca\/nl-science\/home\/bienvenue-dans-explorons-la-science-3e-annee\/la-croissance-et-les-changements-des-plantes\/les-activites-pour-le-tableau-blanc-interactif-tbi\/","title":{"rendered":"Les activit\u00e9s pour le tableau blanc interactif (TBI)"},"content":{"rendered":"\n<p>Ces activit\u00e9s ont \u00e9t\u00e9 cr\u00e9\u00e9s pour utilisation avec un SMART Board&nbsp;<strong>et<\/strong>&nbsp;avec un TeamBoard.<br>Pour obtenir un affichage plein \u00e9cran, r\u00e9gler la taille de la page \u00e0 125 %..<\/p>\n\n\n\n<div style=\"height:15px\" aria-hidden=\"true\" class=\"wp-block-spacer\"><\/div>\n\n\n\n<div class=\"wp-block-columns is-layout-flex wp-container-core-columns-is-layout-9d6595d7 wp-block-columns-is-layout-flex\">\n<div class=\"wp-block-column is-layout-flow wp-block-column-is-layout-flow\" style=\"flex-basis:20%\"><\/div>\n\n\n\n<div class=\"wp-block-column is-layout-flow wp-block-column-is-layout-flow\" style=\"flex-basis:50%\">\n<div class=\"wp-block-image\"><figure class=\"aligncenter size-large\"><img loading=\"lazy\" decoding=\"async\" width=\"1024\" height=\"769\" src=\"https:\/\/www3.scholastic.ca\/nl-science\/wp-content\/uploads\/sites\/13\/NL-IWB-Images\/French\/La-croissance-plantes-IWB-1024x769.jpg\" alt=\"\" class=\"wp-image-6680\" srcset=\"https:\/\/www3.scholastic.ca\/nl-science\/wp-content\/uploads\/sites\/13\/NL-IWB-Images\/French\/La-croissance-plantes-IWB-1024x769.jpg 1024w, https:\/\/www3.scholastic.ca\/nl-science\/wp-content\/uploads\/sites\/13\/NL-IWB-Images\/French\/La-croissance-plantes-IWB-300x225.jpg 300w, https:\/\/www3.scholastic.ca\/nl-science\/wp-content\/uploads\/sites\/13\/NL-IWB-Images\/French\/La-croissance-plantes-IWB-768x576.jpg 768w, https:\/\/www3.scholastic.ca\/nl-science\/wp-content\/uploads\/sites\/13\/NL-IWB-Images\/French\/La-croissance-plantes-IWB.jpg 1199w\" sizes=\"auto, (max-width: 1024px) 100vw, 1024px\" \/><\/figure><\/div>\n\n\n<a\n  class=\"ed-button link-ind\"\n  href=\"\/nl-science\/wp-content\/uploads\/sites\/13\/NL-IWBs\/Grade3\/French\/mod4_plantes.notebook\"\n  target=\"_blank\"  style=\"border-bottom: 2px solid #037ac4\"\n>\n\n  <div class=\"link-text\">\n    <span\n      class=\"link-name\"\n      style=\"\"\n    >T\u00e9l\u00e9charger<\/span>\n      <\/div>\n  <span class=\"right-border\" style=\"background:#037ac4 \"><\/span>\n  \n<\/a>\n<\/div>\n\n\n\n<div class=\"wp-block-column is-layout-flow wp-block-column-is-layout-flow\" style=\"flex-basis:0%\"><\/div>\n<\/div>\n","protected":false},"excerpt":{"rendered":"<p>Ces activit\u00e9s ont \u00e9t\u00e9 cr\u00e9\u00e9s pour utilisation avec un SMART Board&nbsp;et&nbsp;avec un TeamBoard.Pour obtenir un affichage plein \u00e9cran, r\u00e9gler la taille de la page \u00e0 125 %..<\/p>\n","protected":false},"author":5,"featured_media":0,"parent":6522,"menu_order":4,"comment_status":"closed","ping_status":"closed","template":"","meta":{"protect_children":false,"footnotes":""},"class_list":["post-7113","page","type-page","status-publish","hentry"],"_links":{"self":[{"href":"https:\/\/www3.scholastic.ca\/nl-science\/wp-json\/wp\/v2\/pages\/7113","targetHints":{"allow":["GET"]}}],"collection":[{"href":"https:\/\/www3.scholastic.ca\/nl-science\/wp-json\/wp\/v2\/pages"}],"about":[{"href":"https:\/\/www3.scholastic.ca\/nl-science\/wp-json\/wp\/v2\/types\/page"}],"author":[{"embeddable":true,"href":"https:\/\/www3.scholastic.ca\/nl-science\/wp-json\/wp\/v2\/users\/5"}],"replies":[{"embeddable":true,"href":"https:\/\/www3.scholastic.ca\/nl-science\/wp-json\/wp\/v2\/comments?post=7113"}],"version-history":[{"count":0,"href":"https:\/\/www3.scholastic.ca\/nl-science\/wp-json\/wp\/v2\/pages\/7113\/revisions"}],"up":[{"embeddable":true,"href":"https:\/\/www3.scholastic.ca\/nl-science\/wp-json\/wp\/v2\/pages\/6522"}],"wp:attachment":[{"href":"https:\/\/www3.scholastic.ca\/nl-science\/wp-json\/wp\/v2\/media?parent=7113"}],"curies":[{"name":"wp","href":"https:\/\/api.w.org\/{rel}","templated":true}]}}