{"id":6753,"date":"2021-11-10T10:05:58","date_gmt":"2021-11-10T14:05:58","guid":{"rendered":"https:\/\/www3.scholastic.ca\/nl-science\/?page_id=6753"},"modified":"2021-11-11T14:20:53","modified_gmt":"2021-11-11T18:20:53","slug":"fiches-de-sciences","status":"publish","type":"page","link":"https:\/\/www3.scholastic.ca\/nl-science\/home\/bienvenue-dans-explorons-la-science-1re-annee\/les-proprietes-des-objets-et-des-materiaux\/fiches-de-sciences\/","title":{"rendered":"Fiches de sciences"},"content":{"rendered":"\n<div class=\"wp-block-columns is-layout-flex wp-container-core-columns-is-layout-9d6595d7 wp-block-columns-is-layout-flex\">\n<div class=\"wp-block-column is-layout-flow wp-block-column-is-layout-flow\" style=\"flex-basis:50%\">\n<div class=\"wp-block-group link-list\"><div class=\"wp-block-group__inner-container is-layout-flow wp-block-group-is-layout-flow\"><div class=\"detailed-link\">\n    <div class=\"link-text\">\n        <a\n          href=\"\/nl-science\/wp-content\/uploads\/sites\/13\/NL-Gr1\/French\/Propri\u00e9t\u00e9sMat\u00e9riaux-Cards\/Les-proprietes-objets-materiaux_card-1.jpg\"\n          target=\"_blank\"          >\n          1. De quoi as-tu besoin pour faire de la randonn\u00e9e?        <\/a>\n            <\/div>\n    <span style=\"display: none;\"\n      class=\"variables-hidden icons-hide\"      >\n      document    <\/span>\n      <\/a>\n<\/div>\n\n\n<div class=\"detailed-link\">\n    <div class=\"link-text\">\n        <a\n          href=\"\/nl-science\/wp-content\/uploads\/sites\/13\/NL-Gr1\/French\/Propri\u00e9t\u00e9sMat\u00e9riaux-Cards\/Les-proprietes-objets-materiaux_card-2.jpg\"\n          target=\"_blank\"          >\n          2. Quels objets vois-tu?        <\/a>\n            <\/div>\n    <span style=\"display: none;\"\n      class=\"variables-hidden icons-hide\"      >\n      document    <\/span>\n      <\/a>\n<\/div>\n\n\n<div class=\"detailed-link\">\n    <div class=\"link-text\">\n        <a\n          href=\"\/nl-science\/wp-content\/uploads\/sites\/13\/NL-Gr1\/French\/Propri\u00e9t\u00e9sMat\u00e9riaux-Cards\/Les-proprietes-objets-materiaux_card-3.jpg\"\n          target=\"_blank\"          >\n          3. Quels mat\u00e9riaux vois-tu?        <\/a>\n            <\/div>\n    <span style=\"display: none;\"\n      class=\"variables-hidden icons-hide\"      >\n      document    <\/span>\n      <\/a>\n<\/div>\n\n\n<div class=\"detailed-link\">\n    <div class=\"link-text\">\n        <a\n          href=\"\/nl-science\/wp-content\/uploads\/sites\/13\/NL-Gr1\/French\/Propri\u00e9t\u00e9sMat\u00e9riaux-Cards\/Les-proprietes-objets-materiaux_card-4.jpg\"\n          target=\"_blank\"          >\n          4. Que peut-on faire avec les mat\u00e9riaux?        <\/a>\n            <\/div>\n    <span style=\"display: none;\"\n      class=\"variables-hidden icons-hide\"      >\n      document    <\/span>\n      <\/a>\n<\/div>\n\n\n<div class=\"detailed-link\">\n    <div class=\"link-text\">\n        <a\n          href=\"\/nl-science\/wp-content\/uploads\/sites\/13\/NL-Gr1\/French\/Propri\u00e9t\u00e9sMat\u00e9riaux-Cards\/Les-proprietes-objets-materiaux_card-5.jpg\"\n          target=\"_blank\"          >\n          5. Comment sont ces objets?        <\/a>\n            <\/div>\n    <span style=\"display: none;\"\n      class=\"variables-hidden icons-hide\"      >\n      document    <\/span>\n      <\/a>\n<\/div>\n\n\n<div class=\"detailed-link\">\n    <div class=\"link-text\">\n        <a\n          href=\"\/nl-science\/wp-content\/uploads\/sites\/13\/NL-Gr1\/French\/Propri\u00e9t\u00e9sMat\u00e9riaux-Cards\/Les-proprietes-objets-materiaux_card-6.jpg\"\n          target=\"_blank\"          >\n          6. Que peux-tu fabriquer?        <\/a>\n            <\/div>\n    <span style=\"display: none;\"\n      class=\"variables-hidden icons-hide\"      >\n      document    <\/span>\n      <\/a>\n<\/div>\n\n\n<div class=\"detailed-link\">\n    <div class=\"link-text\">\n        <a\n          href=\"\/nl-science\/wp-content\/uploads\/sites\/13\/NL-Gr1\/French\/Propri\u00e9t\u00e9sMat\u00e9riaux-Cards\/Les-proprietes-objets-materiaux_card-7.jpg\"\n          target=\"_blank\"          >\n          7. Comment peux-tu joindre des mat\u00e9riaux?        <\/a>\n            <\/div>\n    <span style=\"display: none;\"\n      class=\"variables-hidden icons-show\"      >\n      document    <\/span>\n      <\/a>\n<\/div>\n\n\n<div class=\"detailed-link\">\n    <div class=\"link-text\">\n        <a\n          href=\"\/nl-science\/wp-content\/uploads\/sites\/13\/NL-Gr1\/French\/Propri\u00e9t\u00e9sMat\u00e9riaux-Cards\/Les-proprietes-objets-materiaux_card-8.jpg\"\n          target=\"_blank\"          >\n          8. Comment peux-tu fabriquer une marionnette?        <\/a>\n            <\/div>\n    <span style=\"display: none;\"\n      class=\"variables-hidden icons-show\"      >\n      document    <\/span>\n      <\/a>\n<\/div>\n\n\n<div class=\"detailed-link\">\n    <div class=\"link-text\">\n        <a\n          href=\"\/nl-science\/wp-content\/uploads\/sites\/13\/NL-Gr1\/French\/Propri\u00e9t\u00e9sMat\u00e9riaux-Cards\/Les-proprietes-objets-materiaux_card-9.jpg\"\n          target=\"_blank\"          >\n          9. Comment utilises-tu les objets?        <\/a>\n            <\/div>\n    <span style=\"display: none;\"\n      class=\"variables-hidden icons-show\"      >\n      document    <\/span>\n      <\/a>\n<\/div>\n\n\n<div class=\"detailed-link\">\n    <div class=\"link-text\">\n        <a\n          href=\"\/nl-science\/wp-content\/uploads\/sites\/13\/NL-Gr1\/French\/Propri\u00e9t\u00e9sMat\u00e9riaux-Cards\/Les-proprietes-objets-materiaux_card-10.jpg\"\n          target=\"_blank\"          >\n          10. Qu\u2019est-ce que c\u2019est?        <\/a>\n            <\/div>\n    <span style=\"display: none;\"\n      class=\"variables-hidden icons-show\"      >\n      document    <\/span>\n      <\/a>\n<\/div>\n\n\n<div class=\"detailed-link\">\n    <div class=\"link-text\">\n        <a\n          href=\"\/nl-science\/wp-content\/uploads\/sites\/13\/NL-Gr1\/French\/Propri\u00e9t\u00e9sMat\u00e9riaux-Cards\/Les-proprietes-objets-materiaux_card-10-full.jpg\"\n          target=\"_blank\"          >\n          &#8211; Photos compl\u00e8tes avec \u00e9tiquettes pour les objets sur la fiche 10        <\/a>\n            <\/div>\n    <span style=\"display: none;\"\n      class=\"variables-hidden icons-show\"      >\n      document    <\/span>\n      <\/a>\n<\/div>\n\n\n\n<p><\/p>\n<\/div><\/div>\n<\/div>\n\n\n\n<div class=\"wp-block-column is-layout-flow wp-block-column-is-layout-flow\" style=\"flex-basis:50%\"><\/div>\n<\/div>\n","protected":false},"excerpt":{"rendered":"","protected":false},"author":5,"featured_media":0,"parent":6481,"menu_order":2,"comment_status":"closed","ping_status":"closed","template":"","meta":{"protect_children":false,"footnotes":""},"class_list":["post-6753","page","type-page","status-publish","hentry"],"_links":{"self":[{"href":"https:\/\/www3.scholastic.ca\/nl-science\/wp-json\/wp\/v2\/pages\/6753","targetHints":{"allow":["GET"]}}],"collection":[{"href":"https:\/\/www3.scholastic.ca\/nl-science\/wp-json\/wp\/v2\/pages"}],"about":[{"href":"https:\/\/www3.scholastic.ca\/nl-science\/wp-json\/wp\/v2\/types\/page"}],"author":[{"embeddable":true,"href":"https:\/\/www3.scholastic.ca\/nl-science\/wp-json\/wp\/v2\/users\/5"}],"replies":[{"embeddable":true,"href":"https:\/\/www3.scholastic.ca\/nl-science\/wp-json\/wp\/v2\/comments?post=6753"}],"version-history":[{"count":0,"href":"https:\/\/www3.scholastic.ca\/nl-science\/wp-json\/wp\/v2\/pages\/6753\/revisions"}],"up":[{"embeddable":true,"href":"https:\/\/www3.scholastic.ca\/nl-science\/wp-json\/wp\/v2\/pages\/6481"}],"wp:attachment":[{"href":"https:\/\/www3.scholastic.ca\/nl-science\/wp-json\/wp\/v2\/media?parent=6753"}],"curies":[{"name":"wp","href":"https:\/\/api.w.org\/{rel}","templated":true}]}}