{"id":6481,"date":"2021-11-09T11:52:24","date_gmt":"2021-11-09T15:52:24","guid":{"rendered":"https:\/\/www3.scholastic.ca\/nl-science\/?page_id=6481"},"modified":"2021-12-16T11:44:38","modified_gmt":"2021-12-16T15:44:38","slug":"les-proprietes-des-objets-et-des-materiaux","status":"publish","type":"page","link":"https:\/\/www3.scholastic.ca\/nl-science\/home\/bienvenue-dans-explorons-la-science-1re-annee\/les-proprietes-des-objets-et-des-materiaux\/","title":{"rendered":"Les propri\u00e9t\u00e9s des objets et des mat\u00e9riaux"},"content":{"rendered":"\n<div class=\"wp-block-columns has-4-columns image-links is-layout-flex wp-container-core-columns-is-layout-9d6595d7 wp-block-columns-is-layout-flex\">\n<div class=\"wp-block-column is-layout-flow wp-block-column-is-layout-flow\" style=\"flex-basis:10%\"><\/div>\n\n\n\n<div class=\"wp-block-column is-layout-flow wp-block-column-is-layout-flow\" style=\"flex-basis:35%\"><a\n  class=\"ed-button big link-ind\"\n  href=\"\/nl-science\/home\/bienvenue-dans-explorons-la-science-1re-annee\/les-proprietes-des-objets-et-des-materiaux\/guide-denseignement\/\"\n    style=\"\"\n>\n\n  <div class=\"link-text\">\n    <span\n      class=\"link-name\"\n      style=\"background-color: #03968e \"\n    >Guide d&#8217;enseignement<\/span>\n      <\/div>\n  \n  <div class=\"link-indicator\"><\/div>\n<\/a>\n<\/div>\n\n\n\n<div class=\"wp-block-column is-layout-flow wp-block-column-is-layout-flow\" style=\"flex-basis:35%\"><a\n  class=\"ed-button big link-ind\"\n  href=\"\/nl-science\/home\/bienvenue-dans-explorons-la-science-1re-annee\/les-proprietes-des-objets-et-des-materiaux\/fiches-de-sciences\/\"\n    style=\"\"\n>\n\n  <div class=\"link-text\">\n    <span\n      class=\"link-name\"\n      style=\"background-color: #24a4ce \"\n    >Fiches de sciences<\/span>\n      <\/div>\n  \n  <div class=\"link-indicator\"><\/div>\n<\/a>\n\n\n\n<p><\/p>\n<\/div>\n\n\n\n<div class=\"wp-block-column is-layout-flow wp-block-column-is-layout-flow\" style=\"flex-basis:35%\"><a\n  class=\"ed-button big link-ind\"\n  href=\"\"\n    style=\"\"\n>\n\n  <div class=\"link-text\">\n    <span\n      class=\"link-name\"\n      style=\"background-color: #9817cb \"\n    >Vid\u00e9o d&#8217;introduction<\/span>\n      <\/div>\n  \n  <div class=\"link-indicator\"><\/div>\n<\/a>\n<\/div>\n\n\n\n<div class=\"wp-block-column is-layout-flow wp-block-column-is-layout-flow\" style=\"flex-basis:10%\"><\/div>\n<\/div>\n\n\n\n<div class=\"wp-block-columns has-4-columns image-links is-layout-flex wp-container-core-columns-is-layout-9d6595d7 wp-block-columns-is-layout-flex\">\n<div class=\"wp-block-column is-layout-flow wp-block-column-is-layout-flow\" style=\"flex-basis:10%\"><\/div>\n\n\n\n<div class=\"wp-block-column is-layout-flow wp-block-column-is-layout-flow\" style=\"flex-basis:35%\"><a\n  class=\"ed-button big link-ind\"\n  href=\"\/nl-science\/home\/bienvenue-dans-explorons-la-science-1re-annee\/les-proprietes-des-objets-et-des-materiaux\/les-activites-pour-le-tableau-blanc-interactif-tbi\/\"\n    style=\"\"\n>\n\n  <div class=\"link-text\">\n    <span\n      class=\"link-name\"\n      style=\"background-color: #e743b3 \"\n    >Activit\u00e9s TBI<\/span>\n      <\/div>\n  \n  <div class=\"link-indicator\"><\/div>\n<\/a>\n<\/div>\n\n\n\n<div class=\"wp-block-column is-layout-flow wp-block-column-is-layout-flow\" style=\"flex-basis:35%\"><a\n  class=\"ed-button big link-ind\"\n  href=\"\/nl-science\/home\/bienvenue-dans-explorons-la-science-1re-annee\/les-proprietes-des-objets-et-des-materiaux\/banque-dimages\/\"\n    style=\"\"\n>\n\n  <div class=\"link-text\">\n    <span\n      class=\"link-name\"\n      style=\"background-color: #ef5601 \"\n    >Banque d&#8217;images<\/span>\n      <\/div>\n  \n  <div class=\"link-indicator\"><\/div>\n<\/a>\n<\/div>\n\n\n\n<div class=\"wp-block-column is-layout-flow wp-block-column-is-layout-flow\" style=\"flex-basis:35%\"><a\n  class=\"ed-button big link-ind\"\n  href=\"\/wp-content\/uploads\/sites\/13\/flipbooks\/Read-Alouds\/Le-souriceau-metro-flipbook\/#p=1\"\n    style=\"\"\n>\n\n  <div class=\"link-text\">\n    <span\n      class=\"link-name\"\n      style=\"background-color: #ffa238 \"\n    >Lecture \u00e0 haute voix<\/span>\n      <\/div>\n  \n  <div class=\"link-indicator\"><\/div>\n<\/a>\n<\/div>\n\n\n\n<div class=\"wp-block-column is-layout-flow wp-block-column-is-layout-flow\" style=\"flex-basis:10%\"><\/div>\n<\/div>\n\n\n\n<p><\/p>\n","protected":false},"excerpt":{"rendered":"","protected":false},"author":5,"featured_media":4895,"parent":6416,"menu_order":3,"comment_status":"closed","ping_status":"closed","template":"page_programme.php","meta":{"protect_children":false,"footnotes":""},"class_list":["post-6481","page","type-page","status-publish","has-post-thumbnail","hentry"],"_links":{"self":[{"href":"https:\/\/www3.scholastic.ca\/nl-science\/wp-json\/wp\/v2\/pages\/6481","targetHints":{"allow":["GET"]}}],"collection":[{"href":"https:\/\/www3.scholastic.ca\/nl-science\/wp-json\/wp\/v2\/pages"}],"about":[{"href":"https:\/\/www3.scholastic.ca\/nl-science\/wp-json\/wp\/v2\/types\/page"}],"author":[{"embeddable":true,"href":"https:\/\/www3.scholastic.ca\/nl-science\/wp-json\/wp\/v2\/users\/5"}],"replies":[{"embeddable":true,"href":"https:\/\/www3.scholastic.ca\/nl-science\/wp-json\/wp\/v2\/comments?post=6481"}],"version-history":[{"count":0,"href":"https:\/\/www3.scholastic.ca\/nl-science\/wp-json\/wp\/v2\/pages\/6481\/revisions"}],"up":[{"embeddable":true,"href":"https:\/\/www3.scholastic.ca\/nl-science\/wp-json\/wp\/v2\/pages\/6416"}],"wp:featuredmedia":[{"embeddable":true,"href":"https:\/\/www3.scholastic.ca\/nl-science\/wp-json\/wp\/v2\/media\/4895"}],"wp:attachment":[{"href":"https:\/\/www3.scholastic.ca\/nl-science\/wp-json\/wp\/v2\/media?parent=6481"}],"curies":[{"name":"wp","href":"https:\/\/api.w.org\/{rel}","templated":true}]}}